the greatest common factor of 495849820 and 790.
790
What is the greatest common divisor of 42 and 35429451?
3
What is the greatest common factor of 1642969 and 5921?
31
What is the highest common divisor of 1820 and 293345?
65
What is the greatest common divisor of 9770 and 802030?
10
Calculate the highest common divisor of 110 and 39952165.
55
Calculate the greatest common divisor of 710376 and 648.
24
Calculate the highest common divisor of 5165 and 66974555.
5165
What is the highest common factor of 111 and 14439287?
37
What is the highest common divisor of 115 and 10916350?
5
Calculate the highest common factor of 20475502 and 4826.
38
Calculate the greatest common factor of 80 and 1996320.
80
Calculate the greatest common divisor of 180 and 14295390.
30
Calculate the highest common factor of 894696 and 2148.
12
What is the highest common factor of 665 and 79360?
5
Calculate the greatest common divisor of 1458 and 55498.
2
What is the greatest common factor of 478692 and 48?
12
What is the greatest common factor of 184 and 11748664?
8
What is the greatest common factor of 44918 and 5016248?
1214
What is the greatest common factor of 846089116 and 1156?
1156
Calculate the highest common divisor of 619463 and 2533.
17
What is the highest common factor of 135459 and 127542?
87
Calculate the highest common divisor of 14663654 and 573323.
1597
What is the highest common divisor of 87681671 and 33?
11
What is the greatest common divisor of 30 and 4081197030?
30
What is the greatest common divisor of 418383 and 209496?
609
Calculate the highest common factor of 250472 and 294448.
1912
What is the greatest common factor of 1974 and 896525?
329
What is the greatest common factor of 479 and 2953?
1
What is the highest common factor of 327426 and 17466?
246
What is the greatest common factor of 409838 and 2444?
26
Calculate the greatest common factor of 207174 and 296901.
33
Calculate the greatest common factor of 27365 and 4382610.
2105
Calculate the greatest common factor of 4084756 and 247.
13
Calculate the greatest common factor of 193 and 29099575.
193
What is the greatest common factor of 2123530 and 70?
10
Calculate the greatest common divisor of 6074187 and 8673.
147
What is the greatest common divisor of 5229 and 46665339?
1743
What is the highest common divisor of 267137 and 845?
13
What is the highest common factor of 125433 and 2027025?
693
What is the greatest common factor of 1212220 and 160?
20
Calculate the highest common divisor of 30 and 14737995.
15
Calculate the greatest common divisor of 6525 and 790685.
145
Calculate the highest common factor of 121629 and 26193.
3
Calculate the greatest common factor of 10686228 and 252.
84
What is the greatest common factor of 1266364 and 132?
44
Calculate the greatest common factor of 554014 and 14.
2
What is the greatest common divisor of 165252 and 1641972?
3516
What is the greatest common divisor of 227158080 and 13056?
3264
What is the greatest common factor of 13826 and 964698?
446
What is the highest common divisor of 85185 and 396765?
135
What is the highest common divisor of 20090051 and 2931?
977
Calculate the greatest common divisor of 52322616 and 109.
109
What is the greatest common divisor of 84446078 and 11238?
3746
Calculate the greatest common factor of 833637175 and 75.
25
Calculate the greatest common factor of 10872 and 1487736.
72
Calculate the highest common divisor of 17969 and 101637798.
2567
Calculate the greatest common divisor of 1404 and 50689296.
36
Calculate the greatest common factor of 75938 and 7005722.
1766
What is the highest common divisor of 1836 and 240533?
17
Calculate the greatest common factor of 731 and 41496677.
731
Calculate the greatest common divisor of 5570 and 1324248005.
2785
Calculate the highest common divisor of 160182 and 29709716.
1618
Calculate the greatest common factor of 31813 and 49445.
29
Calculate the highest common factor of 703 and 1120461084.
703
Calculate the highest common factor of 501007 and 6851.
221
Calculate the greatest common factor of 20097 and 10183437.
2871
Calculate the greatest common divisor of 1225 and 4906825.
175
What is the highest common factor of 5767720 and 1155?
35
What is the highest common divisor of 5428 and 1428392?
92
What is the highest common factor of 5057899 and 10087?
77
Calculate the greatest common divisor of 6 and 4276774.
2
Calculate the greatest common divisor of 3726 and 3977919.
207
What is the highest common divisor of 357 and 386971935?
357
Calculate the greatest common factor of 207 and 8524233.
9
What is the highest common divisor of 149307561 and 1638?
117
What is the greatest common divisor of 140270 and 32868?
166
What is the greatest common divisor of 2330630 and 17390?
370
Calculate the highest common factor of 4375 and 28980875.
875
What is the highest common factor of 3844 and 6845544?
124
What is the highest common divisor of 2831451 and 10731?
1533
Calculate the highest common factor of 2428052 and 396.
44
What is the greatest common divisor of 10693466 and 288610?
1862
What is the highest common divisor of 1870 and 539605?
55
Calculate the highest common factor of 9653 and 890869.
49
Calculate the highest common divisor of 435 and 11172885.
15
What is the highest common factor of 517910 and 109210?
670
What is the greatest common divisor of 118536875 and 8750?
625
Calculate the highest common factor of 942973 and 5627.
17
What is the highest common divisor of 50191 and 3497271?
947
What is the greatest common divisor of 164 and 209060?
4
Calculate the greatest common divisor of 68 and 556376.
68
Calculate the highest common factor of 17611 and 3141162.
1601
What is the highest common divisor of 181364 and 3?
1
What is the greatest common factor of 1211 and 107333006?
173
What is the highest common divisor of 268 and 357416?
4
Calculate the greatest common divisor of 104814 and 2855211.
1941
What is the greatest common factor of 316707 and 1000959?
687
Calculate the greatest common divisor of 26208000 and 64.
64
What is the greatest common divisor of 3066343675 and 25?
25
Calculate the highest common divisor of 759433408 and 19520.
3904
What is the highest common divisor of 99 and 8458439?
11
What is the highest common factor of 13819392 and 2?
2
Calculate the greatest common factor of 230130 and 75.
15
Calculate the greatest common divisor of 14254448 and 520.
104
What is the highest common divisor of 22589 and 36309?
49
What is the greatest common factor of 1390 and 14480080?
10
What is the greatest common factor of 4 and 1441556?
4
Calculate the greatest common factor of 339537890 and 10.
10
Calculate the highest common divisor of 87 and 2321673.
3
What is the highest common factor of 71010 and 192780?
270
What is the greatest common divisor of 1825824 and 5586?
798
Calculate the greatest common divisor of 1555900 and 4604.
4
What is the greatest common factor of 7785286 and 302906?
2006
What is the highest common factor of 1644225 and 6600?
825
Calculate the greatest common divisor of 33327 and 228482506.
3703
What is the highest common factor of 930 and 285354690?
930
What is the greatest common divisor of 556542888 and 996?
996
Calculate the highest common divisor of 40671296 and 531.
59
Calculate the greatest common divisor of 530 and 14304965.
265
Calculate the highest common divisor of 164943180 and 76.
76
What is the highest common divisor of 315890 and 3430?
10
What is the greatest common factor of 71313 and 1644258?
33
What is the highest common divisor of 84 and 342500676?
84
What is the highest common divisor of 523 and 2767151683?
523
Calculate the greatest common divisor of 1136305 and 8215.
155
Calculate the highest common factor of 2569546 and 2968.
742
Calculate the highest common divisor of 11725 and 2683618.
469
What is the greatest common divisor of 108 and 451566?
18
What is the greatest common factor of 159082 and 78001?
77
What is the highest common factor of 14378 and 177632?
182
What is the greatest common factor of 50944995 and 22756?
5689
Calculate the greatest common divisor of 32980850 and 1225.
175
What is the greatest common factor of 16143509 and 18940?
947
What is the highest common divisor of 30608312 and 14?
14
What is the highest commo